 l be ((-17)/(-3))/((-3)/9)*-161. Suppose -18*i + l = -16505. Is i a composite number?
False
Let f(w) = -10*w + 6. Let n be f(3). Let c be ((-708)/n)/(1/2). Suppose -100 = -3*p + c. Is p prime?
True
Is -5 + (-5 - 59800/(-4)) + 1 a prime number?
False
Suppose -2*u - 5*d - 28080 = 0, 3*u + 28952 = -4*d - 13161. Is (u/15)/(-7) + 1/3 composite?
True
Let w(n) be the second derivative of -n**6/120 + n**5/24 - n**4/4 - 4*n. Let q(f) be the third derivative of w(f). Is q(-8) a composite number?
False
Let t(p) = -6765*p + 304. Is t(-3) composite?
False
Let z(u) = u**2 + 30 + 4*u**2 - 69*u + 47*u. Is z(-11) a prime number?
True
Let i(s) = 2*s + 1. Let r be i(-2). Let y(g) = -g**2 - 2*g. Let q be y(r). Is 4/6 + (-415)/q a prime number?
True
Let a(l) be the second derivative of l**4/4 - 5*l**3/6 - 17*l**2/2 - l. Is a(-8) a composite number?
True
Let u be (4/(-3))/(2/36). Let l be 2/3 - u/18. Is (570/3)/(1*l) a composite number?
True
Suppose 4*l - 4 = 0, 5*t + 1782 = 6*t + 5*l. Is t prime?
True
Let h(s) = 58*s**2 - 13*s + 1. Let o be h(-4). Suppose -o = -y + 4*n, 5*y + 2*n - 8346 = -3375. Is y a composite number?
True
Let l(f) = 8825*f**2 + 2. Let n be l(1). Suppose 5*m - n = -8*m. Is m prime?
False
Let v = -167 + 1968. Is v prime?
True
Suppose -3 = 2*h - 11. Let a be -221 - (h + (4 - 6)). Let t = a - -480. Is t a prime number?
True
Let k = -76 - -263. Is k a prime number?
False
Suppose 2*n = -n + 12009. Let b = n - 2054. Is b a composite number?
False
Let d = -2413 - -1351. Let y = d + 1619. Is y composite?
False
Let n(m) = -6*m**2 + 10*m + 7. Let p be n(-7). Let j = 910 + p. Is j a composite number?
True
Let m(j) = -j**3 + 10*j**2 - 7*j - 11. Let k be m(9). Suppose 6056 = -3*u + k*u. Is u composite?
True
Suppose t + 3 = -5*h, -2*t + 6*t - 4*h = 12. Suppose 4*b = 12, 5*n - t*b = -3*b - 162. Let l = n - -67. Is l a composite number?
True
Let f(o) = 6*o**2 - 6*o + 2. Suppose 0 = 2*z - 3*r - 2*r + 37, -4*r + 20 = 0. Is f(z) prime?
False
Let g = -10437 + 15406. Is g composite?
False
Let y be 6/(-10) - (-531120)/75. Suppose 0 = s - 4*w + 12, -2*s - 5*w - 22 = 2. Is y/9 - s/54 a prime number?
True
Let n = 3305 + -1808. Is n a prime number?
False
Suppose 6*z = 3*z - 162. Let h be (-70)/9 - (-12)/z. Is 2 + -1 - 40/h a prime number?
False
Let k(r) = r - 3. Let g be k(7). Suppose 0 = g*w - 9*w + 3025. Suppose -4*z = -w + 145. Is z composite?
True
Suppose -n - 5*d - 21 - 4 = 0, 2*n = -5*d - 25. Suppose -s + 4*p - 14 = n, -5*s + 4*p - 2*p = 70. Is 5271/s*4/(-2) a prime number?
False
Suppose 0 = i + 309 - 3902. Is i prime?
True
Suppose 2*i = -4*k - 2*i + 7748, k - 4*i - 1937 = 0. Is k + 3/(-6)*0 a composite number?
True
Suppose 7*w - 6*w = 1132. Suppose w = 3*d - 869. Is d a composite number?
True
Let a = 3304 - 1525. Let b = a - 796. Is b composite?
False
Let i(h) = h**3 - 6*h**2 + 10*h - 3. Let o be 18*(-2)/(-24)*4. Is i(o) a prime number?
False
Suppose g - 2*n = 11, -4*n = 5*g - 0*n - 83. Suppose 0*m + 4*m = -364. Let j = g - m. Is j a prime number?
False
Let g(t) = -t**3 - 5*t**2 - 2*t - 7. Let y be g(-5). Suppose y*z - 3 = -0*z, 3*n = -2*z + 2105. Is n a prime number?
True
Suppose 0 = -f + 5*f + 5*n - 28, 4 = n. Suppose 6*b + 8 = 4*b, 1066 = f*m + 4*b. Is m a prime number?
True
Let o(v) = v**2 - v + 1. Let d(t) = -t - 5. Let p be d(-6). Let j(f) = 7*f**2 + 3*f - 4. Let i(c) = p*j(c) - 5*o(c). Is i(-12) prime?
False
Let o(a) = 9*a**3 + 49*a**2 - 18*a - 121. Is o(21) a composite number?
False
Is -7*(-5)/(-5) - -26 a prime number?
True
Is (7282/8)/((7/(-4))/(-7)) a prime number?
False
Suppose -3*y = 4*k - 23939, 0*y + 4*y - 31924 = -4*k. Suppose -p + y = 4*p. Is p a prime number?
True
Suppose 208 = -6*u + 7*u + 3*b, 0 = -u + 2*b + 233. Is u prime?
True
Suppose -5*w = j - 3*j - 11, w + 5*j = 13. Suppose 0 = w*i + 6, 2*b + 2*b - 2*i = 2744. Is b composite?
True
Let o(d) = d**2 + 8*d + 16. Let a be o(-5). Is ((-1780)/(-16) + a)/(1/4) a prime number?
True
Let s(v) = -7*v**2 + 4*v + 14. Let z be s(-10). Let k = z - -1043. Is k prime?
True
Suppose 10 = 4*j + 2*z - 22, 3*z = -2*j + 16. Let q = -175 - -170. Is 631/q*(3 - j) prime?
True
Let g = 6243 + 8324. Is g a prime number?
False
Let v = -262 + 470. Let t = -363 + v. Let p = t - -258. Is p composite?
False
Let s = 6 + -3. Suppose -2*n + s*v + 548 = 4*v, -2*v + 274 = n. Suppose 0 = -4*j + 602 + n. Is j composite?
True
Let q = -313 - -1680. Is q a prime number?
True
Suppose 29894 = 2*s - 4*i, -2*s - i + 4*i + 29897 = 0. Is s prime?
False
Let f(y) = -2*y**2 - 11*y + 1. Let n(m) = 3*m**2 + 22*m - 1. Let i(w) = 5*f(w) + 3*n(w). Let l be i(11). Suppose 0 = -l*x - 121 + 503. Is x a composite number?
False
Suppose -11*b + 4*b + 10073 = 0. Is b prime?
True
Suppose 0 = -106*k + 77*k + 1301491. Is k composite?
False
Suppose -62 = -3*k - 2*x + 84, -5*k + 4*x = -258. Suppose -5*r + 0*r = 5*b - k, -r + 9 = 2*b. Is r a prime number?
True
Let k be 20/(-8)*6/5. Let m(c) = 2*c + 10. Let u be m(k). Suppose u*a - 362 - 122 = 0. Is a a prime number?
False
Is -4 - ((-2970)/(-4))/((-13)/182) prime?
True
Let g(s) = 223*s**2 + 4*s + 77. Is g(-6) prime?
True
Let l be (8 + -4)/((-2)/17). Let v = l - -34. Suppose -3*x - 5*b = -371, -3*x + b - 4*b + 375 = v. Is x composite?
False
Suppose -9 = m + k, m + 4*k + 0*k = -21. Is -7 - 15/m - -23 prime?
True
Let x(g) = -6 - 1 + 303*g - 328*g - 869*g. Is x(-1) composite?
False
Suppose -8*v + 6*v + 2714 = 0. Is v composite?
True
Let h = 30176 - 20123. Suppose -8*t = t - h. Is t composite?
False
Let h be (-1659)/(-35) + 3/5. Let j(x) = 137*x + 92*x + 52*x + 43 - h. Is j(2) a prime number?
True
Let l be (2/4)/((-3)/6) - -155. Let v be 1/2*(5 + -1). Suppose 24 = -v*g + l. Is g composite?
True
Let g(x) be the second derivative of 3*x**5/10 - x**4/3 + x**3/6 - x**2 - x. Let b be -4*(-6 + (-63)/(-12)). Is g(b) prime?
True
Suppose -4 - 6 = -5*a. Is 3*a/(-6) - -36 a composite number?
True
Let k(x) = x**2 + 3*x - 2. Let j be k(4). Let h = 70 - j. Let l = -9 + h. Is l composite?
True
Is (-43 + -99)*(-1)/2*5 a prime number?
False
Let u = -4078 + 16325. Is u composite?
True
Let d = 1132 - 658. Let o = 565 + d. Is o a composite number?
False
Is (-5)/15*-18 + 4807 a composite number?
False
Let g = -31 - -35. Suppose -3*z + 2*z = -g*a + 17, -4*a + 2*z + 18 = 0. Suppose a*n - 1511 = -5*k, n + 41 = -4*k + 416. Is n composite?
False
Let y(l) = l**2 + 6*l + 3. Let s be y(-6). Suppose a = -r - 330, -4*a = s*r - 284 + 1603. Let f = -186 - a. Is f prime?
False
Let w = 32 - 32. Suppose w*i - 3*x = -2*i + 653, -2*x = 2*i - 628. Is i a prime number?
False
Let u(g) = 22 - 12 + 9 + g + 10. Is u(-7) a prime number?
False
Let r = 333 + -215. Let i be ((-7)/(-3))/((-5)/(-15)). Suppose o - r = -i. Is o a prime number?
False
Is 0 + (-2)/(-12) - (-296530)/156 a prime number?
True
Suppose 115 = -4*n + q, -4*q + 9 + 87 = -3*n. Let h = -23 - n. Is (h - 4/2)*149 prime?
False
Suppose 0 = 2*o - 7 + 5, 4*t + 4*o - 47840 = 0. Is t a prime number?
True
Is -9 - (9 - 8) - -2247 a prime number?
True
Suppose 0 = 2*m + 3*s - 932, 4*m + 3*s = 7*s + 1884. Let c = 310 + m. Is c prime?
False
Is 6 + (1743 - 48/6) composite?
False
Let j(y) = 25*y**2 - 2*y + 20. Is j(-5) a composite number?
True
Suppose 3*q = -2*n + 10, 3*n - 9 = -5*q + 7. Suppose -q*d = -581 - 53. Is d a prime number?
True
Suppose -80014 = s - 23*s. Is s composite?
False
Let y(r) = 608*r**2 - 7*r - 53. Is y(-4) composite?
True
Let n(w) = -158*w + 5. Is n(-12) a prime number?
True
Let p = -15384 - -25457. Is p composite?
True
Let x(h) be the second derivative of 17*h**5/20 - 7*h**4/12 - h**3/2 + 3*h**2 + 31*h. Is x(5) composite?
True
Let b(z) = 1552*z - 557. Is b(7) a prime number?
False
Let y(j) = 29*j - 55. Is y(16) a prime number?
True
Let u(l) = 14*l + 1. Suppose 0*t + 20 = 5*t - 5*o, 5*t - 2*o = 8. Suppose 4*k - 28 - 16 = t. Is u(k) prime?
False
Suppose 10*p - 35618 = 26882. Let k = -3509 + p. Is k a prime number?
True
Suppose -2*c = -3*b + c + 153, 3*b - 5*c = 161. Let l(v) = -v**3 - 6*v**2 + 4*v + 7. Let a be l(-7). Let i = b - a. Is i a prime number?
True
Let p(n) be the third derivative of 77*n**4/4 - 5*n**3/6 + 38*n**2. Is p(3) prime?
True
Suppose -j + 7 = 4*b, 0*b - 3*b + j = 0. Let f(g) = 890*g + 5. Is f(b) a composite number?
True
Let f be (-4 + (-3)/6)*26. Let h = 452 + f. Is 